{"id":105,"date":"2023-12-15T16:58:27","date_gmt":"2023-12-15T15:58:27","guid":{"rendered":"https:\/\/playgroup.fr\/wordpress\/?page_id=105"},"modified":"2026-01-15T19:13:34","modified_gmt":"2026-01-15T18:13:34","slug":"services","status":"publish","type":"page","link":"https:\/\/playgroup.fr\/wordpress\/?page_id=105","title":{"rendered":"Services"},"content":{"rendered":"\n<h2>Restauration<\/h2>\n\n\n\n<p>Un accueil p\u00e9riscolaire est propos\u00e9 sur le temps du d\u00e9jeuner.<br>Des repas traiteur sont livr\u00e9s chaque jour en liaison froide et r\u00e9chauff\u00e9s sur place par notre \u00e9quipe.<\/p>\n\n\n\n<p>Les temps de repas sont pens\u00e9s comme des temps d\u2019apprentissage \u00e0 part enti\u00e8re. Chaque jour scolaire, les enfants sont accompagn\u00e9s dans ces temps de d\u00e9jeuner par un enseignant de la classe et du personnel assistant. C\u2019est une autre occasion de travailler la motricit\u00e9, l\u2019autonomie, la prise de responsabilit\u00e9,&nbsp;mais aussi et surtout le bien vivre ensemble : servir ses amis, attendre que tout le monde soit servi pour commencer \u00e0 manger&#8230;<\/p>\n\n\n\n<p>En fin de repas, les enfants sont charg\u00e9s de nettoyer et ranger l\u2019espace, en remplissant les t\u00e2ches qu&rsquo;ils ont eux-m\u00eames choisies.<\/p>\n\n\n\n<figure class=\"wp-block-gallery columns-2 is-cropped\"><ul class=\"blocks-gallery-grid\"><li class=\"blocks-gallery-item\"><figure><img loading=\"lazy\" width=\"1024\" height=\"681\" src=\"https:\/\/playgroup.fr\/wordpress\/wp-content\/uploads\/2026\/01\/20251209_playgroup_086_MKA_0357-1-1024x681.jpg\" alt=\"\" data-id=\"263\" data-link=\"https:\/\/playgroup.fr\/wordpress\/?attachment_id=263\" class=\"wp-image-263\" srcset=\"https:\/\/playgroup.fr\/wordpress\/wp-content\/uploads\/2026\/01\/20251209_playgroup_086_MKA_0357-1-1024x681.jpg 1024w, https:\/\/playgroup.fr\/wordpress\/wp-content\/uploads\/2026\/01\/20251209_playgroup_086_MKA_0357-1-300x200.jpg 300w, https:\/\/playgroup.fr\/wordpress\/wp-content\/uploads\/2026\/01\/20251209_playgroup_086_MKA_0357-1-768x511.jpg 768w, https:\/\/playgroup.fr\/wordpress\/wp-content\/uploads\/2026\/01\/20251209_playgroup_086_MKA_0357-1-1536x1022.jpg 1536w, https:\/\/playgroup.fr\/wordpress\/wp-content\/uploads\/2026\/01\/20251209_playgroup_086_MKA_0357-1.jpg 1920w\" sizes=\"(max-width: 767px) 89vw, (max-width: 1000px) 54vw, (max-width: 1071px) 543px, 580px\" \/><\/figure><\/li><li class=\"blocks-gallery-item\"><figure><img loading=\"lazy\" width=\"1024\" height=\"681\" src=\"https:\/\/playgroup.fr\/wordpress\/wp-content\/uploads\/2026\/01\/20251209_playgroup_087_MKA_0360-1-1024x681.jpg\" alt=\"\" data-id=\"264\" data-full-url=\"https:\/\/playgroup.fr\/wordpress\/wp-content\/uploads\/2026\/01\/20251209_playgroup_087_MKA_0360-1.jpg\" data-link=\"https:\/\/playgroup.fr\/wordpress\/?attachment_id=264\" class=\"wp-image-264\" srcset=\"https:\/\/playgroup.fr\/wordpress\/wp-content\/uploads\/2026\/01\/20251209_playgroup_087_MKA_0360-1-1024x681.jpg 1024w, https:\/\/playgroup.fr\/wordpress\/wp-content\/uploads\/2026\/01\/20251209_playgroup_087_MKA_0360-1-300x200.jpg 300w, https:\/\/playgroup.fr\/wordpress\/wp-content\/uploads\/2026\/01\/20251209_playgroup_087_MKA_0360-1-768x511.jpg 768w, https:\/\/playgroup.fr\/wordpress\/wp-content\/uploads\/2026\/01\/20251209_playgroup_087_MKA_0360-1-1536x1022.jpg 1536w, https:\/\/playgroup.fr\/wordpress\/wp-content\/uploads\/2026\/01\/20251209_playgroup_087_MKA_0360-1.jpg 1920w\" sizes=\"(max-width: 767px) 89vw, (max-width: 1000px) 54vw, (max-width: 1071px) 543px, 580px\" \/><\/figure><\/li><\/ul><\/figure>\n\n\n\n<h2>P\u00e9riscolaire<\/h2>\n\n\n\n<p>Un accueil p\u00e9riscolaire est \u00e9galement propos\u00e9 le soir, apr\u00e8s la journ\u00e9e scolaire et jusqu\u2019\u00e0 la fermeture \u00e0 18h15.<\/p>\n\n\n\n<p>Les mercredis des p\u00e9riodes scolaires, un accueil p\u00e9riscolaire est propos\u00e9 aux enfants scolaris\u00e9s au Playgroup et est \u00e9galement accessible \u00e0 d\u2019autres familles souhaitant rejoindre le Playgroup hors journ\u00e9es scolaires.<\/p>\n\n\n\n<p>Cet accueil est structur\u00e9 autour d\u2019un programme d\u00e9clin\u00e9 par p\u00e9riode et s\u2019appuyant sur une grande diversit\u00e9 de typologie d\u2019activit\u00e9s, afin de r\u00e9pondre aux diff\u00e9rents int\u00e9r\u00eats des enfants.<\/p>\n\n\n\n<p><\/p>\n\n\n\n<h2>Extrascolaire<\/h2>\n\n\n\n<p>A l\u2019instar du programme \u201cPtits Loups\u201d des mercredis, un accueil extrascolaire, ouvert \u00e0 tout enfant de 3 \u00e0 6 ans (selon les places disponibles), est propos\u00e9 durant les vacances scolaires (hors vacances de No\u00ebl et 3-4 semaines durant l\u2019\u00e9t\u00e9).<br>Il s\u2019articule autour de th\u00e9matiques propos\u00e9es pour chaque p\u00e9riode de vacances et d\u00e9clin\u00e9es au travers de nombreuses activit\u00e9s diff\u00e9rentes. <\/p>\n\n\n\n<p>Une partie de l\u2019\u00e9quipe, pr\u00e9sente lors des journ\u00e9es scolaires et les mercredis, anime ce programme de vacances, garantissant&nbsp; la continuit\u00e9 et la coh\u00e9rence du projet \u00e9ducatif, et assurant ainsi un r\u00f4le de \u201cfil rouge\u201d aupr\u00e8s des enfants, ce qui favorise leur s\u00e9curit\u00e9 affective.<\/p>\n\n\n\n<p><\/p>\n","protected":false},"excerpt":{"rendered":"<p>Restauration Un accueil p\u00e9riscolaire est propos\u00e9 sur le temps du d\u00e9jeuner.Des repas traiteur sont livr\u00e9s chaque jour en liaison froide et r\u00e9chauff\u00e9s sur place par notre \u00e9quipe. Les temps de repas sont pens\u00e9s comme des temps d\u2019apprentissage \u00e0 part enti\u00e8re. Chaque jour scolaire, les enfants sont accompagn\u00e9s dans ces temps de d\u00e9jeuner par un enseignant &hellip; <\/p>\n<p class=\"link-more\"><a href=\"https:\/\/playgroup.fr\/wordpress\/?page_id=105\" class=\"more-link\">Continuer la lecture<span class=\"screen-reader-text\"> de &laquo;&nbsp;Services&nbsp;&raquo;<\/span><\/a><\/p>\n","protected":false},"author":1,"featured_media":0,"parent":0,"menu_order":0,"comment_status":"closed","ping_status":"closed","template":"","meta":[],"_links":{"self":[{"href":"https:\/\/playgroup.fr\/wordpress\/index.php?rest_route=\/wp\/v2\/pages\/105"}],"collection":[{"href":"https:\/\/playgroup.fr\/wordpress\/index.php?rest_route=\/wp\/v2\/pages"}],"about":[{"href":"https:\/\/playgroup.fr\/wordpress\/index.php?rest_route=\/wp\/v2\/types\/page"}],"author":[{"embeddable":true,"href":"https:\/\/playgroup.fr\/wordpress\/index.php?rest_route=\/wp\/v2\/users\/1"}],"replies":[{"embeddable":true,"href":"https:\/\/playgroup.fr\/wordpress\/index.php?rest_route=%2Fwp%2Fv2%2Fcomments&post=105"}],"version-history":[{"count":7,"href":"https:\/\/playgroup.fr\/wordpress\/index.php?rest_route=\/wp\/v2\/pages\/105\/revisions"}],"predecessor-version":[{"id":265,"href":"https:\/\/playgroup.fr\/wordpress\/index.php?rest_route=\/wp\/v2\/pages\/105\/revisions\/265"}],"wp:attachment":[{"href":"https:\/\/playgroup.fr\/wordpress\/index.php?rest_route=%2Fwp%2Fv2%2Fmedia&parent=105"}],"curies":[{"name":"wp","href":"https:\/\/api.w.org\/{rel}","templated":true}]}}